?
5, 73, 89
What are the prime factors of 1347?
3, 449
What are the prime factors of 6263?
6263
List the prime factors of 439.
439
What are the prime factors of 130695?
3, 5, 8713
List the prime factors of 409.
409
List the prime factors of 3228.
2, 3, 269
List the prime factors of 1933.
1933
What are the prime factors of 889?
7, 127
What are the prime factors of 2377?
2377
What are the prime factors of 2174?
2, 1087
List the prime factors of 3290.
2, 5, 7, 47
What are the prime factors of 13667?
79, 173
What are the prime factors of 6862?
2, 47, 73
List the prime factors of 3886.
2, 29, 67
List the prime factors of 773.
773
List the prime factors of 2792.
2, 349
List the prime factors of 462.
2, 3, 7, 11
What are the prime factors of 8444?
2, 2111
What are the prime factors of 79468?
2, 19867
What are the prime factors of 11450?
2, 5, 229
List the prime factors of 1796.
2, 449
List the prime factors of 1573.
11, 13
What are the prime factors of 1069?
1069
What are the prime factors of 30201?
3, 10067
List the prime factors of 7333.
7333
What are the prime factors of 1557?
3, 173
List the prime factors of 13464.
2, 3, 11, 17
List the prime factors of 26737.
26737
What are the prime factors of 7826?
2, 7, 13, 43
List the prime factors of 926.
2, 463
What are the prime factors of 73179?
3, 47, 173
What are the prime factors of 15047?
41, 367
List the prime factors of 21553.
7, 3079
What are the prime factors of 8278?
2, 4139
List the prime factors of 4771.
13, 367
What are the prime factors of 10828?
2, 2707
What are the prime factors of 493?
17, 29
List the prime factors of 2331.
3, 7, 37
List the prime factors of 68572.
2, 7, 31, 79
What are the prime factors of 64789?
67, 967
List the prime factors of 15835.
5, 3167
What are the prime factors of 3639?
3, 1213
What are the prime factors of 124980?
2, 3, 5, 2083
What are the prime factors of 37493?
37493
List the prime factors of 2407.
29, 83
What are the prime factors of 61151?
61151
What are the prime factors of 69297?
3, 23099
What are the prime factors of 7344?
2, 3, 17
What are the prime factors of 2162?
2, 23, 47
What are the prime factors of 76986?
2, 3, 7, 13, 47
List the prime factors of 161739.
3, 17971
List the prime factors of 6679.
6679
List the prime factors of 7545.
3, 5, 503
What are the prime factors of 48013?
7, 19
What are the prime factors of 5705?
5, 7, 163
What are the prime factors of 49239?
3, 5471
What are the prime factors of 2323?
23, 101
What are the prime factors of 26493?
3, 8831
What are the prime factors of 966?
2, 3, 7, 23
List the prime factors of 7063.
7, 1009
List the prime factors of 22915.
5, 4583
What are the prime factors of 1535?
5, 307
List the prime factors of 521.
521
List the prime factors of 32.
2
List the prime factors of 473.
11, 43
List the prime factors of 4911.
3, 1637
List the prime factors of 628.
2, 157
List the prime factors of 519.
3, 173
List the prime factors of 3037.
3037
What are the prime factors of 1412?
2, 353
List the prime factors of 931.
7, 19
List the prime factors of 277.
277
What are the prime factors of 64431?
3, 7159
What are the prime factors of 326?
2, 163
List the prime factors of 298.
2, 149
What are the prime factors of 1109?
1109
List the prime factors of 1892.
2, 11, 43
What are the prime factors of 64010?
2, 5, 37, 173
What are the prime factors of 1653?
3, 19, 29
What are the prime factors of 37357?
37357
List the prime factors of 18356.
2, 13, 353
What are the prime factors of 16700?
2, 5, 167
List the prime factors of 114284.
2, 28571
List the prime factors of 10865.
5, 41, 53
List the prime factors of 1083.
3, 19
What are the prime factors of 2749?
2749
List the prime factors of 2138.
2, 1069
What are the prime factors of 922?
2, 461
What are the prime factors of 482?
2, 241
What are the prime factors of 1058?
2, 23
What are the prime factors of 4971?
3, 1657
List the prime factors of 131099.
31, 4229
List the prime factors of 497.
7, 71
What are the prime factors of 33053?
33053
What are the prime factors of 1381?
1381
What are the prime factors of 4039?
7, 577
List the prime factors of 64.
2
List the prime factors of 22812.
2, 3, 1901
What are the prime factors of 29025?
3, 5, 43
What are the prime factors of 87945?
3, 5, 11, 13, 41
What are the prime factors of 5291?
11, 13, 37
What are the prime factors of 8700?
2, 3, 5, 29
What are the prime factors of 1050?
2, 3, 5, 7
What are the prime factors of 344?
2, 43
What are the prime factors of 44876?
2, 13, 863
List the prime factors of 274.
2, 137
List the prime factors of 3420.
2, 3, 5, 19
What are the prime factors of 2207?
2207
List the prime factors of 696.
2, 3, 29
List the prime factors of 543.
3, 181
List the prime factors of 69386.
2, 34693
List the prime factors of 7896.
2, 3, 7, 47
What are the prime factors of 21899?
61, 359
What are the prime factors of 7379?
47, 157
What are the prime factors of 59?
59
List the prime factors of 1815.
3, 5, 11
List the prime factors of 1241.
17, 73
List the prime factors of 4813.
4813
List the prime factors of 697.
17, 41
List the prime factors of 206.
2, 103
What are the prime factors of 101170?
2, 5, 67, 151
What are the prime factors of 1556?
2, 389
List the prime factors of 133889.
7, 31, 617
What are the prime factors of 5317?
13, 409
List the prime factors of 512.
2
What are the prime factors of 29344?
2, 7, 131
List the prime factors of 1927.
41, 47
List the prime factors of 60535.
5, 12107
What are the prime factors of 105601?
105601
What are the prime factors of 14229?
3, 17, 31
What are the prime factors of 6583?
29, 227
List the prime factors of 72590.
2, 5, 7, 17, 61
List the prime factors of 1915.
5, 383
List the prime factors of 3714.
2, 3, 619
List the prime factors of 1087.
1087
List the prime factors of 6813.
3, 757
What are the prime factors of 9596?
2, 2399
What are the prime factors of 35315?
5, 7, 1009
List the prime factors of 46290.
2, 3, 5, 1543
List the prime factors of 431.
431
List the prime factors of 11907.
3, 7
What are the prime factors of 561?
3, 11, 17
What are the prime factors of 22613?
22613
What are the prime factors of 1739?
37, 47
What are the prime factors of 7486?
2, 19, 197
What are the prime factors of 4940?
2, 5, 13, 19
List the prime factors of 51264.
2, 3, 89
What are the prime factors of 4360?
2, 5, 109
What are the prime factors of 2218?
2, 1109
What are the prime factors of 6980?
2, 5, 349
What are the prime factors of 16828?
2, 7, 601
List the prime factors of 2961.
3, 7, 47
List the prime factors of 5627.
17, 331
List the prime factors of 1756.
2, 439
List the prime factors of 155.
5, 31
What are the prime factors of 12?
2, 3
List the prime factors of 655.
5, 131
What are the prime factors of 826?
2, 7, 59
What are the prime factors of 1570?
2, 5, 157
What are the prime factors of 34821?
3, 53, 73
List the prime factors of 18244.
2, 4561
What are the prime factors of 176900?
2, 5, 29, 61
List the prime factors of 1766.
2, 883
What are the prime factors of 19205?
5, 23, 167
List the prime factors of 19671.
3, 79, 83
List the prime factors of 115296.
2, 3, 1201
List the prime factors of 36079.
109, 331
List the prime factors of 10682.
2, 7, 109
What are the prime factors of 9012?
2, 3, 751
List the prime factors of 5291.
11, 13, 37
What are the prime factors of 1794?
2, 3, 13, 23
What are the prime factors of 29284?
2, 7321
List the prime factors of 19628.
2, 7, 701
What are the prime factors of 343?
7
List the prime factors of 1550.
2, 5, 31
What are the prime factors of 540?
2, 3, 5
What are the prime factors of 2519?
11, 229
What are the prime factors of 794?
2, 397
What are the prime factors of 109228?
2, 7, 47, 83
List the prime factors of 604.
2, 151
What are the prime factors of 1606?
2, 11, 73
List the prime factors of 142380.
2, 3, 5, 7, 113
List the prime factors of 1403.
23, 61
List the prime factors of 1686.
2, 3, 281
What are the prime factors of 2481?
3, 827
What are the prime factors of 13739?
11, 1249
List the prime factors of 3703.
7, 23
What are the prime factors of 95?
5, 19
List the prime factors of 5420.
2, 5, 271
List the prime factors of 67040.
2, 5, 419
List the prime factors of 86090.
2, 5, 8609
List the prime factors of 123983.
123983
Wha